{"id":11,"date":"2025-12-22T20:24:02","date_gmt":"2025-12-22T20:24:02","guid":{"rendered":"https:\/\/fcsierentz-kappelen.fr\/?page_id=11"},"modified":"2025-12-22T20:24:02","modified_gmt":"2025-12-22T20:24:02","slug":"le-club","status":"publish","type":"page","link":"https:\/\/fcsierentz-kappelen.fr\/index.php\/le-club\/","title":{"rendered":"Le Club"},"content":{"rendered":"<h1 class=\"wp-block-heading\">Le Club<\/h1>\n<p>Le FC Sierentz Kappelen (FCSK) est un club de football bas\u00e9 dans le Haut-Rhin, rassemblant enfants, jeunes et seniors autour de la pratique du football et de la vie associative.<\/p>\n<h2 class=\"wp-block-heading\">Notre identit\u00e9<\/h2>\n<p>Un club familial, structur\u00e9 et ambitieux, qui valorise la formation, l\u2019engagement b\u00e9n\u00e9vole et le respect sur et en dehors des terrains.<\/p>\n<h2 class=\"wp-block-heading\">Histoire &amp; valeurs<\/h2>\n<p>Le FCSK s\u2019appuie sur une tradition locale forte, avec l\u2019envie constante de progresser sportivement tout en gardant un esprit de convivialit\u00e9.<\/p>\n<h2 class=\"wp-block-heading\">Infrastructures<\/h2>\n<p>Complexe sportif : informations pratiques, acc\u00e8s, vestiaires, terrains d\u2019entra\u00eenement. (Ajoute ici l\u2019adresse exacte + plan).<\/p>\n<h2 class=\"wp-block-heading\">Dirigeants &amp; b\u00e9n\u00e9voles<\/h2>\n<p>Un club, c\u2019est avant tout des femmes et des hommes qui donnent du temps : dirigeants, \u00e9ducateurs, accompagnateurs, b\u00e9n\u00e9voles. Merci \u00e0 toutes et tous.<\/p>","protected":false},"excerpt":{"rendered":"<p>Le Club Le FC Sierentz Kappelen (FCSK) est un club de football bas\u00e9 dans le Haut-Rhin, rassemblant enfants, jeunes et seniors autour de la pratique du football et de la vie associative. Notre identit\u00e9 Un club familial, structur\u00e9 et ambitieux, qui valorise la formation, l\u2019engagement b\u00e9n\u00e9vole et le respect sur et en dehors des terrains. [&hellip;]<\/p>\n","protected":false},"author":2,"featured_media":0,"parent":0,"menu_order":1,"comment_status":"closed","ping_status":"closed","template":"","meta":{"footnotes":""},"class_list":["post-11","page","type-page","status-publish","hentry"],"_links":{"self":[{"href":"https:\/\/fcsierentz-kappelen.fr\/index.php\/wp-json\/wp\/v2\/pages\/11","targetHints":{"allow":["GET"]}}],"collection":[{"href":"https:\/\/fcsierentz-kappelen.fr\/index.php\/wp-json\/wp\/v2\/pages"}],"about":[{"href":"https:\/\/fcsierentz-kappelen.fr\/index.php\/wp-json\/wp\/v2\/types\/page"}],"author":[{"embeddable":true,"href":"https:\/\/fcsierentz-kappelen.fr\/index.php\/wp-json\/wp\/v2\/users\/2"}],"replies":[{"embeddable":true,"href":"https:\/\/fcsierentz-kappelen.fr\/index.php\/wp-json\/wp\/v2\/comments?post=11"}],"version-history":[{"count":0,"href":"https:\/\/fcsierentz-kappelen.fr\/index.php\/wp-json\/wp\/v2\/pages\/11\/revisions"}],"wp:attachment":[{"href":"https:\/\/fcsierentz-kappelen.fr\/index.php\/wp-json\/wp\/v2\/media?parent=11"}],"curies":[{"name":"wp","href":"https:\/\/api.w.org\/{rel}","templated":true}]}}