{"id":20,"date":"2025-12-22T20:24:02","date_gmt":"2025-12-22T20:24:02","guid":{"rendered":"https:\/\/fcsierentz-kappelen.fr\/?page_id=20"},"modified":"2025-12-22T20:24:02","modified_gmt":"2025-12-22T20:24:02","slug":"vie-du-club","status":"publish","type":"page","link":"https:\/\/fcsierentz-kappelen.fr\/index.php\/vie-du-club\/","title":{"rendered":"Vie du Club"},"content":{"rendered":"<h1 class=\"wp-block-heading\">Vie du Club<\/h1>\n<p>Le FC Sierentz Kappelen, c\u2019est bien plus que du football. C\u2019est un club anim\u00e9 par des b\u00e9n\u00e9voles passionn\u00e9s, des \u00e9ducateurs engag\u00e9s et des \u00e9v\u00e9nements qui rassemblent.<\/p>\n<h2 class=\"wp-block-heading\">B\u00e9n\u00e9voles<\/h2>\n<p>Envie de donner un coup de main ? Buvette, organisation, logistique, encadrement : toute aide est pr\u00e9cieuse.<\/p>\n<h2 class=\"wp-block-heading\">Infrastructures<\/h2>\n<p>Complexe sportif, acc\u00e8s, stationnement, terrains. (Ajoute l\u2019adresse + un plan).<\/p>\n<h2 class=\"wp-block-heading\">Moments forts<\/h2>\n<p>Photos, vid\u00e9os, r\u00e9sum\u00e9s des \u00e9v\u00e9nements du club.<\/p>","protected":false},"excerpt":{"rendered":"<p>Vie du Club Le FC Sierentz Kappelen, c\u2019est bien plus que du football. C\u2019est un club anim\u00e9 par des b\u00e9n\u00e9voles passionn\u00e9s, des \u00e9ducateurs engag\u00e9s et des \u00e9v\u00e9nements qui rassemblent. B\u00e9n\u00e9voles Envie de donner un coup de main ? Buvette, organisation, logistique, encadrement : toute aide est pr\u00e9cieuse. Infrastructures Complexe sportif, acc\u00e8s, stationnement, terrains. (Ajoute l\u2019adresse [&hellip;]<\/p>\n","protected":false},"author":2,"featured_media":0,"parent":0,"menu_order":6,"comment_status":"closed","ping_status":"closed","template":"","meta":{"footnotes":""},"class_list":["post-20","page","type-page","status-publish","hentry"],"_links":{"self":[{"href":"https:\/\/fcsierentz-kappelen.fr\/index.php\/wp-json\/wp\/v2\/pages\/20","targetHints":{"allow":["GET"]}}],"collection":[{"href":"https:\/\/fcsierentz-kappelen.fr\/index.php\/wp-json\/wp\/v2\/pages"}],"about":[{"href":"https:\/\/fcsierentz-kappelen.fr\/index.php\/wp-json\/wp\/v2\/types\/page"}],"author":[{"embeddable":true,"href":"https:\/\/fcsierentz-kappelen.fr\/index.php\/wp-json\/wp\/v2\/users\/2"}],"replies":[{"embeddable":true,"href":"https:\/\/fcsierentz-kappelen.fr\/index.php\/wp-json\/wp\/v2\/comments?post=20"}],"version-history":[{"count":0,"href":"https:\/\/fcsierentz-kappelen.fr\/index.php\/wp-json\/wp\/v2\/pages\/20\/revisions"}],"wp:attachment":[{"href":"https:\/\/fcsierentz-kappelen.fr\/index.php\/wp-json\/wp\/v2\/media?parent=20"}],"curies":[{"name":"wp","href":"https:\/\/api.w.org\/{rel}","templated":true}]}}